 base 7, what is -33 - -1501253?
1501220
In base 10, what is 15 + -178982?
-178967
In base 2, what is -1001000011100111100 + 100001101?
-1001000011000101111
In base 11, what is 3422a5 - 1232?
341073
In base 7, what is -1113033 + -12?
-1113045
In base 7, what is 4030 + 13454?
20514
In base 10, what is -1672 + -40983?
-42655
In base 12, what is 4 + b7a1403?
b7a1407
In base 16, what is 2 - -fb6908?
fb690a
In base 9, what is 2 + 1084172?
1084174
In base 8, what is -4304 + 760721?
754415
In base 4, what is 220102111 + -201?
220101310
In base 11, what is 5 - 463638?
-463633
In base 10, what is 0 + 1111357?
1111357
In base 16, what is 50c1a6a6 - -1?
50c1a6a7
In base 5, what is -43200334 + -10203?
-43211042
In base 12, what is -4 + 6834ba6b?
6834ba67
In base 16, what is -a1a61 - -220?
-a1841
In base 5, what is -100 - -201412233?
201412133
In base 10, what is 2 + 159266695?
159266697
In base 12, what is 3 - -281344?
281347
In base 6, what is -30 + -15242310?
-15242340
In base 11, what is -2 - 1955543?
-1955545
In base 9, what is 42827223 - 5?
42827217
In base 15, what is -65eb32c + 4?
-65eb328
In base 5, what is 441403 + 14200?
1011103
In base 14, what is 3944 + -307c?
8a6
In base 7, what is 353236156 + -4?
353236152
In base 3, what is 101212222220122 + -200?
101212222212222
In base 14, what is 2caa7 + 1ac?
2cc75
In base 4, what is 311022 + 12212012?
13123100
In base 9, what is 21586 - 26340?
-4643
In base 7, what is -320 - -110666?
110346
In base 12, what is -75 - -5087b?
50806
In base 7, what is -24 + -10601105?
-10601132
In base 16, what is -33 + -7bc4a?
-7bc7d
In base 7, what is 623240565 + 5?
623240603
In base 16, what is -4 - -1281ca?
1281c6
In base 9, what is -28 - 12514471?
-12514510
In base 16, what is -7 + 555fed?
555fe6
In base 9, what is 7 + -215073246?
-215073238
In base 11, what is -110 - 20884?
-20994
In base 15, what is 2c + 23b214?
23b241
In base 2, what is 1010110111 - 11100010000001001?
-11100000101010010
In base 5, what is -211222 + 134113?
-22104
In base 12, what is 1224 + 2127?
334b
In base 13, what is -1402a5 - 3?
-1402a8
In base 13, what is 47a130ab - 0?
47a130ab
In base 16, what is -b2f2 + -2ad?
-b59f
In base 15, what is c4dde4 - -b?
c4de00
In base 11, what is -2685 + -11888?
-14462
In base 2, what is -110010101100010011000 + 1011?
-110010101100010001101
In base 11, what is -1250a + 1996?
-10624
In base 16, what is 6eac + -80?
6e2c
In base 11, what is 74aa3 + -534?
7456a
In base 4, what is 1233 + -30211301201?
-30211233302
In base 11, what is 1776 - -182?
1948
In base 15, what is 1a39d4 + -1?
1a39d3
In base 2, what is 101010011001111011000 - -1000001?
101010011010000011001
In base 13, what is 4192c + 277?
41ba6
In base 10, what is 22 + -55827413?
-55827391
In base 5, what is 1301 + -31000230?
-30443424
In base 8, what is -72 + 240524?
240432
In base 3, what is -10022121 - 110000112212?
-110010212110
In base 5, what is -1 - -40443203000?
40443202444
In base 7, what is 24215432024 - 5?
24215432016
In base 2, what is 101100100 - 101111101001111?
-101110111101011
In base 3, what is 12 - 2002120111221?
-2002120111202
In base 14, what is 1029d - 318?
dd85
In base 4, what is 102121031 - 220021?
101301010
In base 5, what is 23 - 213342210?
-213342132
In base 12, what is -3 + -1b5b953?
-1b5b956
In base 15, what is -ae9e8 - -19?
-ae9ce
In base 15, what is 140e966 + 0?
140e966
In base 7, what is 310331461 - 3?
310331455
In base 13, what is -3 - -1644a07?
1644a04
In base 2, what is 1000010001001110 + -110111101001111?
1010011111111
In base 12, what is -22ab18 + -14?
-22ab30
In base 4, what is 30131113331 + 0?
30131113331
In base 9, what is 1026 - -1266?
2303
In base 12, what is -3b - 1878a?
-18809
In base 12, what is 443 + 616a?
65b1
In base 7, what is -6640 - 333333?
-343303
In base 11, what is -6852429 - 7?
-6852435
In base 9, what is 5 + 3307753?
3307758
In base 4, what is -1230 - -22300103030?
22300101200
In base 13, what is 187c - -21c2?
3a71
In base 8, what is -1 + -45770602?
-45770603
In base 6, what is -3314 + 403500?
400142
In base 13, what is -290382013 - -4?
-29038200c
In base 14, what is 5 + -ba99a9?
-ba99a4
In base 13, what is -3 - 232bc92?
-232bc95
In base 8, what is -1074 + 24642?
23546
In base 11, what is -2974846 - 0?
-2974846
In base 15, what is 391 - 433ac?
-4301b
In base 14, what is b + 10c0da1?
10c0dac
In base 11, what is 35623a5 + 43?
3562438
In base 7, what is 6 + 11416632?
11416641
In base 9, what is 107650448 + 0?
107650448
In base 8, what is -5775232 - -35?
-5775175
In base 3, what is -12211121112000 + -122?
-12211121112122
In base 11, what is 10 - 53071?
-53061
In base 10, what is -62 + -1695424?
-1695486
In base 3, what is -1122020 + -1002010020?
-1010202110
In base 9, what is 446 + 1031023?
1031470
In base 7, what is -3056 - -2244221?
2241132
In base 6, what is -1 + -215053130?
-215053131
In base 10, what is -52178 - 2475?
-54653
In base 2, what is -1010 + -1001001110011110111001?
-1001001110011111000011
In base 6, what is -222122 - 312?
-222434
In base 13, what is 173 + -29a24?
-29881
In base 15, what is -d9a4 - 64?
-da18
In base 11, what is -82 - 11640a?
-116491
In base 9, what is 10637015 - 4?
10637011
In base 5, what is 343201040 - -203?
343201243
In base 7, what is -1251 + 263440?
262156
In base 5, what is 40111 + -12424?
22132
In base 5, what is -213343104 - 2212?
-213400321
In base 14, what is 17 - -5a6db62?
5a6db79
In base 7, what is 13544343 + 236?
13544612
In base 7, what is -4 + 2522610?
2522603
In base 4, what is 0 - 3002333101?
-3002333101
In base 14, what is 434 - -a170?
a5a4
In base 13, what is -791 + -3160?
-3921
In base 14, what is 2b65d + -1dd?
2b460
In base 4, what is -100323021313 + -122?
-100323022101
In base 11, what is 4a - -1a71913?
1a71962
In base 16, what is 4c5 - 20e1?
-1c1c
In base 7, what is -310031641 - -16?
-310031622
In base 2, what is 1100001101 - 101011100100?
-11111010111
In base 5, what is -121013312 - -304?
-121013003
In base 2, what is 101111000010001110 - 1100101101001?
101101011100100101
In base 8, what is -4 - 16145263?
-16145267
In base 5, what is 134032 - 10231310?
-10042223
In base 10, what is 177 + -315892?
-315715
In base 7, what is -5 - 134612422?
-134612430
In base 3, what is 2211021012001 - 1022?
2211021010202
In base 12, what is b + 747760b?
747761a
In base 15, what is 52275 + 15?
5228a
In base 7, what is 112210 + 10545?
123055
In base 4, what is 203103211211 + 0?
203103211211
In base 13, what is 7a6 + 17a9?
2282
In base 6, what is -3112320540 + -4?
-3112320544
In base 4, what is 3122010332032121 - 0?
3122010332032121
In base 4, what is -331013011 + 203?
-331012202
In base 10, what is -499774974 - -2?
-499774972
In base 10, what is -102587906 - -3?
-102587903
In base 12, what is 735a + -505?
6a55
In base 6, what is 135322 + 12244?
152010
In base 11, what is -a - -2407420?
2407411
In base 10, what is 50 + 3465308?
3465358
In base 8, what is 5 - 2760406?
-2760401
In base 15, what is -54 - -4848?
47e4
In base 11, what is -2865a36 + 13?
-2865a23
In base 11, what is -8 + a467468?
a467460
In base 16, what is 2810c + -11?
280fb
In base 7, what is 1510332462 - 4?
1510332455
In base 7, what is 225200 - 125146?
100021
In base 2, what is -11101010011 + 1010000010011111?
1001100101001100
In base 3, what is 22110 + -2?
22101
In base 13, what is 2 + a2bba61?
a2bba63
In base 11, what is -a6957295 - 4?
-a6957299
In base 15, what is 476 + 29e?
725
In base 15, what is 4b0b4 + -e?
4b0a5
In base 15, what is d + -b0d73c?
-b0d72e
In base 3, what is 200021112 - -10012?
200101201
In base 5, what is 111 - 20241131?
-20241020
In base 13, what is -17 + -787402?
-787419
In base 7, what is 1264 + -10514?
-6220
In base 16, what is -90207 + -10?
-90217
In base 13, what is -4570774 + 4?
-4570770
In base 4, what is 0 + -233111113130?
-233111113130
In base 13, what is -1464a551 + 6?
-1464a548
In base 5, what is 0 + -30243242?
-30243242
In base 13, what is 3 - 8c943a?
-8c9437
In base 11, what is -32 - -1aa6?
1a74
In base 16, what is -37454 - -425?
-3702f
In base 14, what is -5 + -2796a4a?
-2796a51
In base 9, what is -2823466 - -7?
-2823458
In base 9, what is -10740 - -3702?
-6037
In base 5, what is -31104044 - -32?
-31104012
In base 6, what is -1115044 - 2434?
-1121522
In base 10, what is -8